etermine t(-1).
97
Let p(q) = -2040*q + 4014. What is p(2)?
-66
Let c(i) = 730*i**2 + 156204*i - 3421. Calculate c(-214).
3
Let h(x) = 3782*x - 13476. Determine h(3).
-2130
Let r(p) = 17008*p + 1836977. Give r(-108).
113
Let c(i) = -1270*i**2 - 24127*i + 25. What is c(-19)?
-32
Let k(l) = 8*l**2 - 1202*l + 1244. Give k(151).
2150
Let u(q) = -127675*q - 3957929. Give u(-31).
-4
Let o(j) = -3*j**3 + 289*j**2 - 5517*j + 184. Calculate o(70).
1094
Let o(h) = 4*h**3 + 11*h**2 - 285*h + 2691. Calculate o(9).
3933
Let o(q) = -14546885*q - 29093772. Calculate o(-2).
-2
Let m(p) = -186150*p + 744629. Calculate m(4).
29
Let t(r) = -754*r + 7470. Determine t(10).
-70
Let k(p) = -67*p - 11935. Calculate k(-167).
-746
Let o(n) = 232*n + 866. Calculate o(-4).
-62
Let o(s) = -459*s + 28982. Determine o(63).
65
Let x(n) = 3456*n + 172362. Calculate x(-50).
-438
Let z(w) = 2*w**3 + 2185*w**2 + 24859*w - 4306. What is z(-1081)?
18
Let w(o) = o**2 + 381*o - 4405. What is w(10)?
-495
Let r(p) = 4*p**3 + 64*p**2 + 13583*p + 106619. Give r(-8).
3
Let h(n) = n**3 - 136*n**2 + 1074*n - 146013. What is h(136)?
51
Let c(t) = -5595*t - 1247681. Give c(-223).
4
Let q(z) = -6788*z + 1282969. Determine q(189).
37
Let q(y) = -81*y + 23205. Determine q(286).
39
Let b(h) = -2*h**2 + 19*h + 69. Determine b(13).
-22
Let z(f) = -f**3 + f**2 + 16963*f + 4. What is z(0)?
4
Let q(n) = n**2 + 114327*n - 1143375. Give q(10).
-5
Let q(u) = -6*u**2 - 99*u + 1061. What is q(9)?
-316
Let n(k) = 2*k**3 + 2*k**2 + 40*k - 186. What is n(9)?
1794
Let v(a) = 687*a + 179324. Calculate v(-261).
17
Let l(d) = 4*d**2 - 515*d - 5037. Calculate l(-10).
513
Let m(b) = -2003*b - 483. What is m(-2)?
3523
Let v(n) = -2*n**3 - 11*n**2 - 2*n + 298. Calculate v(0).
298
Let r(x) = 16*x**2 + 2031*x - 12244. Give r(6).
518
Let u(f) = 1840095*f + 3680188. Determine u(-2).
-2
Let x(c) = -325*c**2 + 35146*c - 4967. What is x(108)?
1
Let k(b) = -38*b**3 - 886*b**2 - 1094*b + 75. Give k(-22).
-57
Let q(p) = p**2 + 186*p - 39621. Calculate q(127).
130
Let w(y) = 58*y - 6362. Determine w(120).
598
Let x(n) = -498*n + 885. Give x(0).
885
Let d(q) = 149*q + 2445. Determine d(-26).
-1429
Let m(t) = -3*t**2 + 38209*t + 76422. Calculate m(-2).
-8
Let a(t) = -58*t**3 + 2*t**2 - 718*t + 6. Determine a(0).
6
Let q(v) = 25866*v + 439734. What is q(-17)?
12
Let o(a) = 157555*a + 60816224. Calculate o(-386).
-6
Let c(i) = 153*i**2 + 749*i - 963. Determine c(-6).
51
Let v(k) = -5*k**3 - 579*k**2 + 3707*k - 323. Calculate v(6).
-5
Let k(y) = 4092*y - 11402. Calculate k(3).
874
Let j(z) = -z**2 - 371*z + 139061. Give j(231).
-1
Let q(a) = 162*a**2 - 2551*a + 8472. Determine q(11).
13
Let n(r) = 526988*r - 36889156. Calculate n(70).
4
Let r(l) = 8*l**3 - 14901*l**2 - 5324*l - 493689. Determine r(1863).
6
Let p(h) = -1463*h - 8780. What is p(-6)?
-2
Let q(p) = -25*p + 3131. Give q(144).
-469
Let n(p) = -p**2 + 342*p - 15277. Give n(53).
40
Let j(l) = 56*l - 1605. Calculate j(41).
691
Let b(q) = -22*q**3 + 1963*q**2 - 440*q - 382. Give b(89).
63
Let a(p) = 4*p**3 - 215*p**2 - 62*p + 537. Calculate a(54).
105
Let q(b) = 15*b**2 - 546*b - 9. Give q(0).
-9
Let x(c) = -c**3 - 99*c**2 + 2025*c - 187. What is x(17)?
714
Let o(f) = 391190*f - 391192. Determine o(1).
-2
Let m(z) = 38378*z + 4874000. What is m(-127)?
-6
Let k(a) = -2409*a + 729570. Give k(303).
-357
Let y(h) = -19*h**2 - 84957*h + 255036. What is y(3)?
-6
Let y(i) = 77*i**2 + 320*i - 656. Calculate y(-5).
-331
Let x(d) = -3148*d + 809076. Give x(257).
40
Let g(k) = -k**2 - 6776*k - 614930. Give g(-92).
-2
Let j(h) = 5321*h + 2158. Calculate j(0).
2158
Let m(y) = -21326*y - 3028312. Give m(-142).
-20
Let h(z) = -z**2 + 112*z + 8945. Determine h(-54).
-19
Let f(k) = 23*k**2 - 120*k + 122. Give f(1).
25
Let b(j) = 16*j**2 - 85*j - 69. Calculate b(3).
-180
Let y(g) = -g**3 + 95*g**2 + 7846*g - 231. What is y(148)?
65
Let a(v) = 1408*v - 111051. Calculate a(79).
181
Let g(l) = l**3 - 91*l**2 - 206*l + 12958. Calculate g(91).
-5788
Let f(y) = -6*y**2 - 735*y - 5452. What is f(-8)?
44
Let d(w) = 74*w**2 - 409*w + 171. Determine d(5).
-24
Let v(n) = -463*n + 452. Give v(0).
452
Let x(p) = 417*p**3 - 2*p**2 - 19*p - 18. Determine x(-1).
-418
Let s(n) = n**3 - 571*n**2 + 14696*n - 209. Give s(27).
7
Let j(x) = x**3 - 81*x**2 - 1273*x + 97642. What is j(82)?
-20
Let d(g) = -3*g**3 + 20*g**2 - 253*g + 767. What is d(3)?
107
Let p(d) = -8*d**3 - 113*d**2 - 356*d - 4794. Give p(-14).
-6
Let g(a) = 857*a - 12847. Give g(15).
8
Let k(x) = x**3 - 68*x**2 + 794*x + 52. Determine k(53).
-1
Let f(u) = -3*u**2 - 52*u - 413. Calculate f(-11).
-204
Let s(b) = 55*b**3 + 41*b + 40. What is s(-1)?
-56
Let m(w) = w**3 + 47*w**2 - 191*w + 591. What is m(-51)?
-72
Let d(z) = -z**2 + 49*z + 1033. Calculate d(61).
301
Let q(d) = -7608*d + 311929. Determine q(41).
1
Let t(r) = 368*r**2 + 367*r + 2. Determine t(-1).
3
Let c(p) = -p**2 - 1563*p + 18777. Give c(12).
-123
Let h(u) = -221*u**2 + 6633*u - 32. Calculate h(30).
58
Let k(v) = 878*v + 4856. What is k(-6)?
-412
Let i(o) = 7*o - 224. Determine i(61).
203
Let r(g) = g**2 + 1027*g + 42307. Give r(-43).
-5
Let k(s) = -49*s - 642. What is k(-11)?
-103
Let k(c) = 2*c**3 - 4*c**2 - 42*c - 22. What is k(6)?
14
Let a(q) = 2*q**2 - 2802*q - 36668. Give a(-13).
96
Let q(s) = -6848*s + 49. Calculate q(0).
49
Let z(j) = 4*j**3 - 42*j**2 - 339*j - 219. Calculate z(16).
-11
Let n(d) = -5*d**3 + 106*d**2 - 453*d - 158. What is n(15)?
22
Let r(q) = -1149*q - 8496. Give r(-6).
-1602
Let s(p) = -p**2 + 53560*p - 5079152. Calculate s(95).
23
Let a(n) = -3832*n + 3501. Give a(1).
-331
Let z(o) = -o**3 + 59*o**2 - 218*o - 189. What is z(55)?
-79
Let b(v) = -52*v - 16207. Give b(-312).
17
Let l(a) = -4777*a + 272293. What is l(57)?
4
Let x(a) = 14*a**2 - 668*a - 8448. Determine x(-13).
2602
Let z(s) = -s**3 + 74*s**2 - 779*s + 11. Calculate z(0).
11
Let u(s) = 4*s**2 - 85*s + 711. What is u(11)?
260
Let b(c) = -8*c**3 + 103*c**2 + 279*c - 3464. Calculate b(13).
-6
Let n(g) = g**2 - 9955*g + 554566. What is n(56)?
222
Let n(f) = -f**3 - 354*f**2 + 7125*f + 14090. Calculate n(-373).
-84
Let n(t) = -556*t - 157406. Give n(-283).
-58
Let q(h) = -171*h**3 - 7*h**2 + 152*h + 304. What is q(-2)?
1340
Let b(w) = 233*w - 84911. Give b(364).
-99
Let o(s) = -73*s**2 + 461*s - 350. Calculate o(5).
130
Let c(n) = -5*n**3 + 80*n**2 - 38*n + 242. Give c(16).
-366
Let c(t) = -2*t**2 + 24584*t + 172129. Calculate c(-7).
-57
Let b(j) = -2696*j - 3104. Determine b(-1).
-408
Let u(a) = -14*a**2 + 3055*a + 18813. What is u(-6)?
-21
Let i(w) = -w**2 - 203*w - 186. Give i(-202).
16
Let a(i) = -10*i**2 - 2728*i - 7444. What is a(-270)?
116
Let y(x) = 3*x**2 + 34773*x + 208513. What is y(-6)?
-17
Let q(b) = 19*b**2 + 17094*b - 136751. What is q(8)?
1217
Let t(n) = -2*n**3 + 125*n**2 + 29859*n - 1877142. Give t(63).
6
Let r(q) = 33*q**2 + 342*q + 16. Give r(-5).
-869
Let o(x) = -2*x**2 - 85*x + 647. What is o(8)?
-161
Let h(m) = -770*m**2 + 11543*m + 117. What is h(15)?
12
Let s(a) = 497949*a + 5975385. Calculate s(-12).
-3
Let a(g) = -g**3 - 34*g**2 + 111*g + 6759. Give a(-30).
-171
Let q(k) = -k**3 - 223*k**2 + 10223*k - 194. Calculate q(39).
1
Let n(v) = -98*v**2 + 149413*v - 92960. What is n(1524)?
4
Let u(w) = 186*w + 26246. Calculate u(-141).
20
Let q(v) = -v**2 - 159131*v + 6844491. Give q(43).
9
Let k(t) = -238951*t + 1433677. What is k(6)?
-29
Let u(l) = 67586*l - 9. Determine u(0).
-9
Let y(k) = 165*k + 667. Determine y(0).
667
Let b(q) = 11128*q - 2014179. Calculate b(181).
-11
Let p(h) = -574635*h - 7470256. Calculate p(-13).
-1
Let p(s) = s**3 - 51*s**2 + 624*s - 101. Determine p(32).
411
Let v(x) = -x**3 + 71*x**2 - 154*x + 21898. Determine v(73).
-2
Let o(w) = -2*w**2 + 2969*w + 577161. Calculate o(-174).
3
Let g(o) = -o**3 + 19*o**2 + 689*o - 13646. What is g(21)?
-59
Let k(c) = -84960*c + 86446. What is k(1)?
1486
Let c(w) = -86*w + 3676. Determine c(47).
-366
Let m(a) = -5*a - 896. What is m(-99)?
-401
Let q(c) = c**3 - 288*c**2 + 9936*c - 3917. Give q(248).
51
Let m(f) = -2*f**2 - 1011*f - 81745. What is m(-101)?
-36
Let t(r) = 2*r**2 - 569*r + 36604. Give t(193).
1285
Let r(v) = 2806*v + 850223. Calculate r(-303).
5
Let l(g) = g**3 + 645*g**2 - 13968*g + 11969. Calculate l